 = -b**3 - 4*b**2 - b - 3. Let d be 21/4 + 3/(-12). Suppose 16 = -4*w + d*g - 0, w + 3*g = -4. Determine f(w).
1
Let l(v) = -v - 3. Let n(g) = g - 10. Let s be n(0). Let t be 104/s + 2/5. Let j = -15 - t. Calculate l(j).
2
Let k(d) be the second derivative of -d**4/12 - 2*d**3/3 + 3*d**2/2 - 4*d. Let p(z) be the first derivative of k(z). Give p(4).
-12
Let s(g) = -9*g - 14. Let l(o) = -3*o - 5. Let u(i) = 8*l(i) - 3*s(i). What is u(-2)?
-4
Let k(f) = -f. Let d(u) = -1. Suppose 27 = j - 5*w, 0*j + 3*w = -3*j - 9. Let t(q) = j*d(q) + 3*k(q). Determine t(-2).
4
Let w(a) = a**2 + 3*a - 6. Let u = -79 + 74. What is w(u)?
4
Let v = -3 + 0. Let b be -4 + 3 - (12 - 2). Let y(i) = -5*i + 2. Let x(o) = 14*o - 6. Let c(l) = b*y(l) - 4*x(l). Determine c(v).
5
Let s(i) be the third derivative of 0*i + 1/6*i**4 + 2*i**2 - 1/6*i**3 + 0. Give s(2).
7
Let n(s) = s - 10. Let x be (-31)/(-5) - -3*24/90. Calculate n(x).
-3
Let a(h) = 3*h**3 - h**2 - 2*h - 1. Let j(y) = -y + 9. Let r(u) = u - 10. Let l(c) = 4*j(c) + 3*r(c). Let w be l(5). Suppose 4*i + 5 - w = 0. What is a(i)?
-3
Let s be (0 + 0)*4/4. Suppose s = 5*f, -5 = -5*q + f - 0. Let n(z) = -6 + 2 - 3*z + 4. Calculate n(q).
-3
Let f(x) = x + 3. Let a(t) = t**2 - 2*t. Let z be a(3). Let u be (-94)/(-6) - (-2)/6. Suppose -3*p = -z*h, -p + 9*h + u = 4*h. Give f(p).
-1
Suppose -7*d + 10*d - 9 = 0. Let l(k) = -k + 0*k - d + 0*k - 3. Calculate l(-7).
1
Let x(q) = q**3 - 4*q**2 + 3*q - 5. Let s(w) = -14*w + w**2 + 14*w + 1. Let h(j) = 6*s(j) + x(j). Determine h(-2).
-5
Suppose -5*i - 25 = 5*j, j - 4*i + 3*i = 3. Let k(x) = 10*x - 11*x + 0*x - 2. What is k(j)?
-1
Let z(w) = 3*w**2 + w - 1. Let u(g) = g**3 - 4*g**2 - g + 1. Let y(c) = 3*u(c) + 4*z(c). Let s = -4 + 5. Determine y(s).
3
Let b(j) = -j**3 - 7*j**2 - 8*j - 9. Suppose 2*p - 84 = -2*r - 2*p, -126 = -3*r - 5*p. Let k be r/(-8) + 18/(-24). What is b(k)?
3
Let l(y) = y**3 - 5*y**2 - 6*y + 1. Let h(o) = -o**2. Let f(z) = 2*h(z) - l(z). What is f(4)?
7
Suppose -17*n + 32 + 70 = 0. Let i(d) be the second derivative of d**5/20 - d**4/2 + 3*d**2 + d. Determine i(n).
6
Suppose 18 = 3*x + 12. Let q(w) = 2*w - 3. What is q(x)?
1
Let c(t) = -4*t - 5. Let z = 16 - 20. Calculate c(z).
11
Let k(w) = -2*w - 1. Let l be k(-2). Let i be (-3)/(((-27)/12)/l). Let t be 8/i*(-1)/1. Let s(p) = p**3 + p**2 + 2*p + 2. What is s(t)?
-6
Let u be 4/(-16) + (-2)/(-8). Let z(k) = 3 + u + 0*k - k - 1. Calculate z(5).
-3
Let z(w) = 6*w**3 + 3*w**2 + 9*w + 12. Let n(h) = -5*h**3 - 2*h**2 - 8*h - 11. Let u(v) = 7*n(v) + 6*z(v). Determine u(-4).
3
Let k(f) be the first derivative of -f**7/840 - f**6/120 + f**5/60 - 5*f**4/24 + f**3/3 - 1. Let q(m) be the third derivative of k(m). What is q(-4)?
3
Let b = -241/3 + 81. Let r(q) be the first derivative of 2 + b*q**3 - q**2 - 5/4*q**4 + q. What is r(1)?
-4
Let b(l) = 2 - 5*l + 2*l + l + 1. Suppose 8 = -t + 2*k, 5*t - 4*k - 2 = -12. Suppose -4*v + 2*q = -t, 5*v - 13 = -4*q + 22. Calculate b(v).
-3
Let h(w) = -3*w**2 - 4*w + 5*w - 7*w + 3 - 5*w**2 - w**3. Calculate h(-7).
-4
Let h = 21 + -17. Let g(s) = s**3 - 3*s**2 - 4*s + 5. Calculate g(h).
5
Let t(h) be the third derivative of h**4/24 - h**3/3 - 5*h**2. What is t(-5)?
-7
Let p(t) = 6*t + 1. Let r(q) = -q**3 + 12*q**2 + 14*q - 12. Let o be r(13). Give p(o).
7
Suppose 0 = 8*d - 4*d. Let r(n) be the third derivative of 0*n - n**2 - 1/120*n**6 + d - 1/20*n**5 - 1/2*n**3 + 1/8*n**4. Give r(-4).
1
Let q(t) = 2. Let v(y) = y + 5. Let i(w) = -5*q(w) + 2*v(w). What is i(1)?
2
Suppose 0 = 2*i + 6*i. Suppose -2 = -2*y - 0*y. Let g(m) = -y + 0*m + m - 2*m. What is g(i)?
-1
Let f(w) be the second derivative of -1/12*w**4 + 0*w**3 - 3*w - 1/720*w**6 + 0*w**2 - 1/40*w**5 + 0. Let q(h) be the third derivative of f(h). Give q(0).
-3
Let a(x) = -x + 4. Let c be a(2). Let r(d) = -6*d**2 + 6*d**2 - d**3 + 2*d**3 - 2*d. Calculate r(c).
4
Let x(m) be the third derivative of -7*m**6/60 + 7*m**5/60 + 11*m**3/6 - 6*m**2. Let v(w) = -5*w**3 + 2*w**2 + 4. Let f(p) = 11*v(p) - 4*x(p). Calculate f(6).
0
Let c(s) = -s**2 + s - 1. Let r(o) = -7*o**2 + 5*o - 6. Let p(z) = -6*c(z) + r(z). Let q(v) = -5*v**2 - 6*v - 1. Let w(u) = -4*p(u) + q(u). Determine w(-2).
-1
Let o(n) = n - 9. Suppose -17 = -3*i - 5. Suppose 4*r - 1 + 15 = f, 4*r = i*f - 8. Let m be (-1)/3*(-10 + f). Calculate o(m).
-5
Let k(d) = -6 + 1 - 4 + d. Calculate k(4).
-5
Let p(v) = 5*v**3 + 3*v**2 + 10*v - 10. Let y(g) = -4*g**3 - 4*g**2 - 9*g + 9. Let o(i) = -3*p(i) - 4*y(i). Determine o(-5).
14
Let a(d) = d**2 + 5*d - 4. Let q be a(-6). Let w(b) = b + 4*b - 3 - b**3 + 6*b**q - 2*b - 3*b**2. Suppose 0 = -2*k - k + 9. Give w(k).
6
Let f(y) = y**2 + 3*y + 5. Let u = -7 - -9. Suppose -2*n = u, -3*n - 9 + 2 = g. What is f(g)?
9
Let g = 1 + 0. Let h be g/(-1)*(-2 - 0). Let w(p) be the third derivative of -p**5/60 + p**4/12 + p**3/6 - 74*p**2. Determine w(h).
1
Let m(h) = h**2 - 7*h - 10. Let u(w) = 10*w - 41. Let y be u(5). What is m(y)?
8
Let p(c) = -4*c**3 - 3*c - 6. Let v(j) = 11*j**3 + j**2 + 9*j + 17. Let u(q) = 8*p(q) + 3*v(q). Suppose -w + 2*y - y - 6 = 0, w + 4*y - 14 = 0. Give u(w).
1
Let o(c) = 5*c**3 - 5*c**2 + 7*c - 3. Let m(a) = 6*a**3 - 5*a**2 + 8*a - 4. Let u(i) = 6*m(i) - 7*o(i). Suppose 5*h - 3*h = -10. Calculate u(h).
2
Let c(z) = -4*z**3 - z. Suppose -4*o - 2 = m, -2*o - 5 = -o - 2*m. Determine c(o).
5
Let t(h) = 25 + 16*h - 20*h - 22 + h**2. Calculate t(5).
8
Let y = 59 - 66. Let g(a) = -a**3 - 7*a**2 + 2*a + 9. Give g(y).
-5
Let l(s) be the second derivative of 0 + s**2 + 1/6*s**3 - 5*s. Let h = 4 - 6. Calculate l(h).
0
Suppose 0 = -6*k - 3 - 9. Let p(h) = -3*h**3 - 2*h**2 - 1. What is p(k)?
15
Let o(a) = 3*a - 2. Let j(c) = -c. Let r(x) = -4*j(x) - o(x). Let z be 4 + (-3)/9*3*0. Determine r(z).
6
Let o(p) = p**2 + 5*p + 7. Let h(k) be the first derivative of -k**2/2 + k - 1. Let y(z) = 2*h(z) - o(z). Calculate y(-5).
5
Let b(y) = y + 1. Let s(r) = -2*r - 3. Let c(d) = 3*b(d) + s(d). Suppose -5*t + 10*t = 0. Suppose -4*o - 14 = h, t*o - 1 = -o + 2*h. Give c(o).
-3
Let q(o) = -o + 1. Let s(v) = v - 1. Suppose 0*f = 5*f + 10. Let y(b) = f*q(b) - 3*s(b). Determine y(0).
1
Let h(n) be the third derivative of n**7/2520 - n**5/60 + n**4/6 - n**2. Let u(o) be the second derivative of h(o). Let v be (-6)/9*1*-3. Calculate u(v).
2
Let s(w) = -w**2 - 15*w - 11. Let m be s(-14). Let j(h) = h**3 - 4*h**2 + h. Determine j(m).
-6
Suppose 5*b + 20 = 0, 5*s + 3*b = 2 + 6. Suppose s*w - 3*w - 3 = 0. Let t(d) = -2 + 3 - 7*d + w*d. Give t(1).
-3
Let g(k) be the third derivative of -k**6/120 - k**5/12 + k**3/2 - 10*k**2. Determine g(-4).
-13
Let t(w) = -4 + 10 - 3 - 2 - 2*w. Calculate t(2).
-3
Let r(d) = -d**2 + 5*d - 3. Let w(v) be the third derivative of v**4/24 + 4*v**3/3 + 2*v**2. Let l be w(-5). Give r(l).
3
Let d(b) be the first derivative of -6*b + 0*b**3 - 1/4*b**4 - 3 - 1/2*b**2. Determine d(0).
-6
Let w(c) = c**3 - 5*c**2 + c - 7. Let u be w(5). Let x(l) = -2*l**3 - l - l**3 + l**2 + 5*l**3 + 2. Calculate x(u).
-8
Suppose -36 = -5*r + 2*r. Suppose -k + 5*k = 2*d - r, -4*k - 16 = 0. Let s(h) be the first derivative of -2*h**3/3 - h**2 + 2*h - 2. Determine s(d).
-2
Suppose 0 = -10*o + 74 - 44. Let p(u) be the third derivative of u**5/30 - 5*u**4/24 + u**3/2 + u**2. Calculate p(o).
6
Let w(b) = -b**3 + 4*b**2 - b. Let k be w(4). Let y(z) = -z**3 - 3 + 3*z - 5*z**2 - 6*z - 4 + 3. Determine y(k).
-8
Let h(l) = 2*l**3 + 2*l**2 - 4*l + 3. Suppose 2*u = 10, a - 4*u - 2 = -20. Give h(a).
19
Let w(u) be the third derivative of -1/6*u**3 + 0*u - 3/8*u**4 - 9*u**2 + 0. Determine w(-2).
17
Suppose -16 = -k - 5*v + 1, -v - 1 = 0. Suppose -z + 3*w + w = k, -10 = 5*z + 5*w. Let c(y) = 8 - 6*y + 2*y - y**2 + y - 2*y. Determine c(z).
2
Let y(x) be the first derivative of 2*x + 3/2*x**2 + 2 + 2/3*x**3. Determine y(-2).
4
Let f(z) = z - 5. Suppose 0 = -l - g - 1, -4 + 0 = -2*g. Let u be (1/(-3))/(l/45). Determine f(u).
0
Let u(h) = h + 7. Let o be (-390)/50 + (-1)/5. Calculate u(o).
-1
Let v(z) = z**2 - 3*z + 3. Suppose 0*j = -2*k + 4*j - 12, 3*k - 7 = j. Give v(k).
7
Let z(a) = a**3 - 5*a**2 + 2*a + 4. Let p(v) = -9*v - 11. Let t(c) = -4*c - 6. Let d(n) = -2*p(n) + 5*t(n). Let j be d(-6). Give z(j).
-4
Let q(o) be the second derivative of -o**5/20 + o**4/4 + o**3/2 +